{"id":18,"date":"2024-01-27T11:27:40","date_gmt":"2024-01-27T10:27:40","guid":{"rendered":"http:\/\/www.blanche-pivoine.com\/?page_id=18"},"modified":"2024-03-22T11:35:25","modified_gmt":"2024-03-22T10:35:25","slug":"la-guasha","status":"publish","type":"page","link":"http:\/\/www.blanche-pivoine.com\/index.php\/la-guasha\/","title":{"rendered":"Le Guasha"},"content":{"rendered":"\n<figure class=\"wp-block-gallery has-nested-images columns-default is-cropped wp-block-gallery-1 is-layout-flex wp-block-gallery-is-layout-flex\">\n<figure class=\"wp-block-image size-large\"><img loading=\"lazy\" decoding=\"async\" width=\"683\" height=\"1024\" data-id=\"228\" src=\"http:\/\/www.blanche-pivoine.com\/wp-content\/uploads\/2024\/03\/Portrait-IMG_0250-683x1024.jpg\" alt=\"\" class=\"wp-image-228\" srcset=\"http:\/\/www.blanche-pivoine.com\/wp-content\/uploads\/2024\/03\/Portrait-IMG_0250-683x1024.jpg 683w, http:\/\/www.blanche-pivoine.com\/wp-content\/uploads\/2024\/03\/Portrait-IMG_0250-200x300.jpg 200w, http:\/\/www.blanche-pivoine.com\/wp-content\/uploads\/2024\/03\/Portrait-IMG_0250-768x1152.jpg 768w, http:\/\/www.blanche-pivoine.com\/wp-content\/uploads\/2024\/03\/Portrait-IMG_0250-1024x1536.jpg 1024w, http:\/\/www.blanche-pivoine.com\/wp-content\/uploads\/2024\/03\/Portrait-IMG_0250-1365x2048.jpg 1365w, http:\/\/www.blanche-pivoine.com\/wp-content\/uploads\/2024\/03\/Portrait-IMG_0250-40x60.jpg 40w, http:\/\/www.blanche-pivoine.com\/wp-content\/uploads\/2024\/03\/Portrait-IMG_0250-scaled.jpg 1707w\" sizes=\"auto, (max-width: 683px) 100vw, 683px\" \/><\/figure>\n\n\n\n<figure class=\"wp-block-image size-large\"><img loading=\"lazy\" decoding=\"async\" width=\"683\" height=\"1024\" data-id=\"229\" src=\"http:\/\/www.blanche-pivoine.com\/wp-content\/uploads\/2024\/03\/IMG_0265-683x1024.jpg\" alt=\"\" class=\"wp-image-229\" srcset=\"http:\/\/www.blanche-pivoine.com\/wp-content\/uploads\/2024\/03\/IMG_0265-683x1024.jpg 683w, http:\/\/www.blanche-pivoine.com\/wp-content\/uploads\/2024\/03\/IMG_0265-200x300.jpg 200w, http:\/\/www.blanche-pivoine.com\/wp-content\/uploads\/2024\/03\/IMG_0265-768x1152.jpg 768w, http:\/\/www.blanche-pivoine.com\/wp-content\/uploads\/2024\/03\/IMG_0265-1024x1536.jpg 1024w, http:\/\/www.blanche-pivoine.com\/wp-content\/uploads\/2024\/03\/IMG_0265-1365x2048.jpg 1365w, http:\/\/www.blanche-pivoine.com\/wp-content\/uploads\/2024\/03\/IMG_0265-40x60.jpg 40w, http:\/\/www.blanche-pivoine.com\/wp-content\/uploads\/2024\/03\/IMG_0265-scaled.jpg 1707w\" sizes=\"auto, (max-width: 683px) 100vw, 683px\" \/><\/figure>\n\n\n\n<figure class=\"wp-block-image size-large\"><img loading=\"lazy\" decoding=\"async\" width=\"683\" height=\"1024\" data-id=\"226\" src=\"http:\/\/www.blanche-pivoine.com\/wp-content\/uploads\/2024\/03\/Guasha-IMG_0232-683x1024.jpg\" alt=\"\" class=\"wp-image-226\" srcset=\"http:\/\/www.blanche-pivoine.com\/wp-content\/uploads\/2024\/03\/Guasha-IMG_0232-683x1024.jpg 683w, http:\/\/www.blanche-pivoine.com\/wp-content\/uploads\/2024\/03\/Guasha-IMG_0232-200x300.jpg 200w, http:\/\/www.blanche-pivoine.com\/wp-content\/uploads\/2024\/03\/Guasha-IMG_0232-768x1152.jpg 768w, http:\/\/www.blanche-pivoine.com\/wp-content\/uploads\/2024\/03\/Guasha-IMG_0232-1024x1536.jpg 1024w, http:\/\/www.blanche-pivoine.com\/wp-content\/uploads\/2024\/03\/Guasha-IMG_0232-1365x2048.jpg 1365w, http:\/\/www.blanche-pivoine.com\/wp-content\/uploads\/2024\/03\/Guasha-IMG_0232-40x60.jpg 40w, http:\/\/www.blanche-pivoine.com\/wp-content\/uploads\/2024\/03\/Guasha-IMG_0232-scaled.jpg 1707w\" sizes=\"auto, (max-width: 683px) 100vw, 683px\" \/><\/figure>\n\n\n\n<figure class=\"wp-block-image size-large\"><img loading=\"lazy\" decoding=\"async\" width=\"683\" height=\"1024\" data-id=\"227\" src=\"http:\/\/www.blanche-pivoine.com\/wp-content\/uploads\/2024\/03\/Guasha-IMG_0236-683x1024.jpg\" alt=\"\" class=\"wp-image-227\" srcset=\"http:\/\/www.blanche-pivoine.com\/wp-content\/uploads\/2024\/03\/Guasha-IMG_0236-683x1024.jpg 683w, http:\/\/www.blanche-pivoine.com\/wp-content\/uploads\/2024\/03\/Guasha-IMG_0236-200x300.jpg 200w, http:\/\/www.blanche-pivoine.com\/wp-content\/uploads\/2024\/03\/Guasha-IMG_0236-768x1152.jpg 768w, http:\/\/www.blanche-pivoine.com\/wp-content\/uploads\/2024\/03\/Guasha-IMG_0236-1024x1536.jpg 1024w, http:\/\/www.blanche-pivoine.com\/wp-content\/uploads\/2024\/03\/Guasha-IMG_0236-1365x2048.jpg 1365w, http:\/\/www.blanche-pivoine.com\/wp-content\/uploads\/2024\/03\/Guasha-IMG_0236-40x60.jpg 40w, http:\/\/www.blanche-pivoine.com\/wp-content\/uploads\/2024\/03\/Guasha-IMG_0236-scaled.jpg 1707w\" sizes=\"auto, (max-width: 683px) 100vw, 683px\" \/><\/figure>\n<\/figure>\n\n\n\n<p>Le Guasha est une m\u00e9thode tr\u00e8s efficace pour faire sortir les toxines qui entravent la bonne circulation de l\u2019\u00e9nergie.<\/p>\n\n\n\n<p>En chinois, \u00ab\u00a0Gua\u00a0\u00bb comme gratter, \u00ab\u00a0Sha\u00a0\u00bb comme toxine.<\/p>\n\n\n\n<p>Le but \u00e9tant de \u201cgratter\u201d la peau avec une lame en laiton traditionnellement pour faire sortir les toxines.<\/p>\n\n\n\n<p>C\u2019est, tout comme le massage Tuina, une m\u00e9thode qui va nous aiguiller dans notre bilan \u00e9nerg\u00e9tique.<\/p>\n\n\n\n<p>En effet, suivant la couleur du \u201cSha\u201d qui sortira lors du grattage, on aura une indication du facteur pathog\u00e8ne qui obstruait la bonne circulation : du froid, de la chaleur, de l\u2019humidit\u00e9, etc\u2026<\/p>\n\n\n\n<p>Apr\u00e8s une s\u00e9ance de Guasha, je demande aux patients de ne pas s\u2019exposer \u00e0 de gros \u00e9carts de temp\u00e9ratures. En effet, les toxines, en sortant, ont ouvert les pores de la peau et laissent portes ouvertes \u00e0 d\u2019autres facteurs pathog\u00e8nes.<\/p>\n\n\n\n<p>Evitez donc spa, piscine, bains, exposition au vent torse nu ou m\u00eame douche dans les 12 \u00e0 24h qui suivent la s\u00e9ance.<\/p>\n\n\n\n<div class=\"wp-block-buttons is-layout-flex wp-block-buttons-is-layout-flex\">\n<div class=\"wp-block-button is-style-outline is-style-outline--2\"><a class=\"wp-block-button__link wp-element-button\" href=\"https:\/\/calendly.com\/blanche-pivoine\/energetique-chinoise-filliere?month=2024-01\">R\u00e9server<\/a><\/div>\n<\/div>\n","protected":false},"excerpt":{"rendered":"<p>Le Guasha est une m\u00e9thode tr\u00e8s efficace pour faire sortir les toxines qui entravent la bonne circulation de l\u2019\u00e9nergie. En chinois, \u00ab\u00a0Gua\u00a0\u00bb comme gratter, \u00ab\u00a0Sha\u00a0\u00bb comme toxine. Le but \u00e9tant &hellip; <\/p>\n","protected":false},"author":1,"featured_media":0,"parent":0,"menu_order":0,"comment_status":"closed","ping_status":"closed","template":"","meta":{"footnotes":""},"class_list":["post-18","page","type-page","status-publish","hentry"],"_links":{"self":[{"href":"http:\/\/www.blanche-pivoine.com\/index.php\/wp-json\/wp\/v2\/pages\/18","targetHints":{"allow":["GET"]}}],"collection":[{"href":"http:\/\/www.blanche-pivoine.com\/index.php\/wp-json\/wp\/v2\/pages"}],"about":[{"href":"http:\/\/www.blanche-pivoine.com\/index.php\/wp-json\/wp\/v2\/types\/page"}],"author":[{"embeddable":true,"href":"http:\/\/www.blanche-pivoine.com\/index.php\/wp-json\/wp\/v2\/users\/1"}],"replies":[{"embeddable":true,"href":"http:\/\/www.blanche-pivoine.com\/index.php\/wp-json\/wp\/v2\/comments?post=18"}],"version-history":[{"count":6,"href":"http:\/\/www.blanche-pivoine.com\/index.php\/wp-json\/wp\/v2\/pages\/18\/revisions"}],"predecessor-version":[{"id":320,"href":"http:\/\/www.blanche-pivoine.com\/index.php\/wp-json\/wp\/v2\/pages\/18\/revisions\/320"}],"wp:attachment":[{"href":"http:\/\/www.blanche-pivoine.com\/index.php\/wp-json\/wp\/v2\/media?parent=18"}],"curies":[{"name":"wp","href":"https:\/\/api.w.org\/{rel}","templated":true}]}}