{"id":114,"date":"2024-01-27T12:48:44","date_gmt":"2024-01-27T11:48:44","guid":{"rendered":"http:\/\/www.blanche-pivoine.com\/?page_id=114"},"modified":"2024-03-21T09:43:53","modified_gmt":"2024-03-21T08:43:53","slug":"energetique-chinoise-filiere-annecy-cabinet-blanche-pivoine","status":"publish","type":"page","link":"http:\/\/www.blanche-pivoine.com\/index.php\/energetique-chinoise-filiere-annecy-cabinet-blanche-pivoine\/","title":{"rendered":"Energ\u00e9tique Chinoise Filli\u00e8re \/ Annecy &#8211; Cabinet Blanche Pivoine"},"content":{"rendered":"\n<p><\/p>\n\n\n\n<p><mark style=\"background-color:rgba(0, 0, 0, 0)\" class=\"has-inline-color has-black-color\"><strong>Energ\u00e9tique Chinoise Filli\u00e8re \/ Annecy &#8211; Cabinet Blanche Pivoine<\/strong><\/mark><\/p>\n\n\n\n<p>Je vous re\u00e7ois au cabinet \u201cBlanche Pivoine\u201d pour d\u00e9couvrir les bienfaits de l\u2019\u00e9nerg\u00e9tique chinoise, avec des outils tels que la moxibustion, le massage Tuina ou le Guasha.<\/p>\n\n\n\n<p><\/p>\n\n\n\n<p><strong>L\u2019\u00e9nerg\u00e9tique Chinoise<\/strong><\/p>\n\n\n\n<p>Malmen\u00e9(e) dans votre vie quotidienne par des \u00e9motions excessives, par le surmenage, par une alimentation ou un sommeil inadapt\u00e9s, par les exc\u00e8s climatiques ? Des inconforts articulaires ou digestifs vous irritent au quotidien ?<\/p>\n\n\n\n<p>Je vous propose des s\u00e9ances pour vous r\u00e9\u00e9quilibrer, pour vous donner des cl\u00e9s simples afin de retrouver votre vitalit\u00e9 en utilisant des techniques reconnues depuis plus de 2\u2019000ans.<\/p>\n\n\n\n<p>L\u2019approche du classique chinois \u201cHuang Di Nei Jing\u201d est la base de l\u2019enseignement que j\u2019ai re\u00e7u \u00e0 l\u2019Institut Liang Shen et que j\u2019utilise au quotidien pour vous.<\/p>\n\n\n\n<p>Si vous avez des questions ou voulez simplement \u00e9changer avant de prendre rendez-vous, n\u2019h\u00e9sitez pas et contactez-moi au 06 83 90 90 23. Je serai ravie d\u2019\u00e9changer avec vous.<\/p>\n\n\n\n<p>Vous en apprendrez \u00e9galement davantage dans les rubriques concernant les diff\u00e9rentes techniques sur ce site (massage tuina, moxibustion, guasha, di\u00e9t\u00e9tique chinoise).<\/p>\n\n\n\n<figure class=\"wp-block-gallery has-nested-images columns-default is-cropped wp-block-gallery-1 is-layout-flex wp-block-gallery-is-layout-flex\">\n<figure class=\"wp-block-image size-large\"><a href=\"http:\/\/www.blanche-pivoine.com\/index.php\/la-guasha\/\"><img loading=\"lazy\" decoding=\"async\" width=\"683\" height=\"1024\" data-id=\"229\" src=\"http:\/\/www.blanche-pivoine.com\/wp-content\/uploads\/2024\/03\/IMG_0265-683x1024.jpg\" alt=\"\" class=\"wp-image-229\" srcset=\"http:\/\/www.blanche-pivoine.com\/wp-content\/uploads\/2024\/03\/IMG_0265-683x1024.jpg 683w, http:\/\/www.blanche-pivoine.com\/wp-content\/uploads\/2024\/03\/IMG_0265-200x300.jpg 200w, http:\/\/www.blanche-pivoine.com\/wp-content\/uploads\/2024\/03\/IMG_0265-768x1152.jpg 768w, http:\/\/www.blanche-pivoine.com\/wp-content\/uploads\/2024\/03\/IMG_0265-1024x1536.jpg 1024w, http:\/\/www.blanche-pivoine.com\/wp-content\/uploads\/2024\/03\/IMG_0265-1365x2048.jpg 1365w, http:\/\/www.blanche-pivoine.com\/wp-content\/uploads\/2024\/03\/IMG_0265-40x60.jpg 40w, http:\/\/www.blanche-pivoine.com\/wp-content\/uploads\/2024\/03\/IMG_0265-scaled.jpg 1707w\" sizes=\"auto, (max-width: 683px) 100vw, 683px\" \/><\/a><figcaption class=\"wp-element-caption\">Guasha<\/figcaption><\/figure>\n\n\n\n<figure class=\"wp-block-image size-large\"><a href=\"http:\/\/www.blanche-pivoine.com\/index.php\/le-massage-tuina\/\"><img loading=\"lazy\" decoding=\"async\" width=\"683\" height=\"1024\" data-id=\"218\" src=\"http:\/\/www.blanche-pivoine.com\/wp-content\/uploads\/2024\/03\/Tuina-IMG_0487-683x1024.jpg\" alt=\"\" class=\"wp-image-218\" srcset=\"http:\/\/www.blanche-pivoine.com\/wp-content\/uploads\/2024\/03\/Tuina-IMG_0487-683x1024.jpg 683w, http:\/\/www.blanche-pivoine.com\/wp-content\/uploads\/2024\/03\/Tuina-IMG_0487-200x300.jpg 200w, http:\/\/www.blanche-pivoine.com\/wp-content\/uploads\/2024\/03\/Tuina-IMG_0487-768x1152.jpg 768w, http:\/\/www.blanche-pivoine.com\/wp-content\/uploads\/2024\/03\/Tuina-IMG_0487-1024x1536.jpg 1024w, http:\/\/www.blanche-pivoine.com\/wp-content\/uploads\/2024\/03\/Tuina-IMG_0487-1365x2048.jpg 1365w, http:\/\/www.blanche-pivoine.com\/wp-content\/uploads\/2024\/03\/Tuina-IMG_0487-40x60.jpg 40w, http:\/\/www.blanche-pivoine.com\/wp-content\/uploads\/2024\/03\/Tuina-IMG_0487-scaled.jpg 1707w\" sizes=\"auto, (max-width: 683px) 100vw, 683px\" \/><\/a><figcaption class=\"wp-element-caption\">Massage Tuina<\/figcaption><\/figure>\n\n\n\n<figure class=\"wp-block-image size-large\"><a href=\"http:\/\/www.blanche-pivoine.com\/index.php\/la-moxibustion\/\"><img loading=\"lazy\" decoding=\"async\" width=\"683\" height=\"1024\" data-id=\"220\" src=\"http:\/\/www.blanche-pivoine.com\/wp-content\/uploads\/2024\/03\/IMG_0568-683x1024.jpg\" alt=\"\" class=\"wp-image-220\" srcset=\"http:\/\/www.blanche-pivoine.com\/wp-content\/uploads\/2024\/03\/IMG_0568-683x1024.jpg 683w, http:\/\/www.blanche-pivoine.com\/wp-content\/uploads\/2024\/03\/IMG_0568-200x300.jpg 200w, http:\/\/www.blanche-pivoine.com\/wp-content\/uploads\/2024\/03\/IMG_0568-768x1152.jpg 768w, http:\/\/www.blanche-pivoine.com\/wp-content\/uploads\/2024\/03\/IMG_0568-1024x1536.jpg 1024w, http:\/\/www.blanche-pivoine.com\/wp-content\/uploads\/2024\/03\/IMG_0568-1365x2048.jpg 1365w, http:\/\/www.blanche-pivoine.com\/wp-content\/uploads\/2024\/03\/IMG_0568-40x60.jpg 40w, http:\/\/www.blanche-pivoine.com\/wp-content\/uploads\/2024\/03\/IMG_0568-scaled.jpg 1707w\" sizes=\"auto, (max-width: 683px) 100vw, 683px\" \/><\/a><figcaption class=\"wp-element-caption\">Moxibustion &#8211; Ontake<\/figcaption><\/figure>\n\n\n\n<figure class=\"wp-block-image size-large\"><a href=\"http:\/\/www.blanche-pivoine.com\/index.php\/la-dietetique-chinoise\/\"><img loading=\"lazy\" decoding=\"async\" width=\"1024\" height=\"608\" data-id=\"230\" src=\"http:\/\/www.blanche-pivoine.com\/wp-content\/uploads\/2024\/03\/pexels-pixabay-531446-1024x608.jpg\" alt=\"\" class=\"wp-image-230\" srcset=\"http:\/\/www.blanche-pivoine.com\/wp-content\/uploads\/2024\/03\/pexels-pixabay-531446-1024x608.jpg 1024w, http:\/\/www.blanche-pivoine.com\/wp-content\/uploads\/2024\/03\/pexels-pixabay-531446-300x178.jpg 300w, http:\/\/www.blanche-pivoine.com\/wp-content\/uploads\/2024\/03\/pexels-pixabay-531446-768x456.jpg 768w, http:\/\/www.blanche-pivoine.com\/wp-content\/uploads\/2024\/03\/pexels-pixabay-531446-1536x911.jpg 1536w, http:\/\/www.blanche-pivoine.com\/wp-content\/uploads\/2024\/03\/pexels-pixabay-531446-2048x1215.jpg 2048w, http:\/\/www.blanche-pivoine.com\/wp-content\/uploads\/2024\/03\/pexels-pixabay-531446-101x60.jpg 101w\" sizes=\"auto, (max-width: 1024px) 100vw, 1024px\" \/><\/a><\/figure>\n<\/figure>\n","protected":false},"excerpt":{"rendered":"<p>Energ\u00e9tique Chinoise Filli\u00e8re \/ Annecy &#8211; Cabinet Blanche Pivoine Je vous re\u00e7ois au cabinet \u201cBlanche Pivoine\u201d pour d\u00e9couvrir les bienfaits de l\u2019\u00e9nerg\u00e9tique chinoise, avec des outils tels que la moxibustion, &hellip; <\/p>\n","protected":false},"author":1,"featured_media":0,"parent":0,"menu_order":0,"comment_status":"closed","ping_status":"closed","template":"","meta":{"footnotes":""},"class_list":["post-114","page","type-page","status-publish","hentry"],"_links":{"self":[{"href":"http:\/\/www.blanche-pivoine.com\/index.php\/wp-json\/wp\/v2\/pages\/114","targetHints":{"allow":["GET"]}}],"collection":[{"href":"http:\/\/www.blanche-pivoine.com\/index.php\/wp-json\/wp\/v2\/pages"}],"about":[{"href":"http:\/\/www.blanche-pivoine.com\/index.php\/wp-json\/wp\/v2\/types\/page"}],"author":[{"embeddable":true,"href":"http:\/\/www.blanche-pivoine.com\/index.php\/wp-json\/wp\/v2\/users\/1"}],"replies":[{"embeddable":true,"href":"http:\/\/www.blanche-pivoine.com\/index.php\/wp-json\/wp\/v2\/comments?post=114"}],"version-history":[{"count":8,"href":"http:\/\/www.blanche-pivoine.com\/index.php\/wp-json\/wp\/v2\/pages\/114\/revisions"}],"predecessor-version":[{"id":290,"href":"http:\/\/www.blanche-pivoine.com\/index.php\/wp-json\/wp\/v2\/pages\/114\/revisions\/290"}],"wp:attachment":[{"href":"http:\/\/www.blanche-pivoine.com\/index.php\/wp-json\/wp\/v2\/media?parent=114"}],"curies":[{"name":"wp","href":"https:\/\/api.w.org\/{rel}","templated":true}]}}